at are the prime factors of s?
2, 13
Let g(q) = 8*q**2 - q - 5. Let y = 7 - 11. Let r be g(y). Suppose -3*n + 104 = n - 2*z, 5*n - r = 4*z. List the prime factors of n.
3
Suppose 5*x + 4*q = 22, 5*x + 0*q = -5*q + 20. Suppose x*m - 92 - 520 = 0. What are the prime factors of m?
2, 3, 17
Suppose 12*m = 3*m + 945. Suppose z + 39 - m = 0. List the prime factors of z.
2, 3, 11
Suppose -113*f - 22610 = -123*f. List the prime factors of f.
7, 17, 19
Let h be 2*-81*1/2. Suppose 2*z + 290 = 4*j, 2*z + 138 + 152 = 2*j. Let p = h - z. List the prime factors of p.
2
Suppose -c + 7 = -4*z, -5*c = z + 2*z - 12. Let p = c - 1. List the prime factors of p/4 - 156/(-24).
7
Suppose 0 = -4*p + 670 - 118. Suppose 2*k - 3*k + p = 0. What are the prime factors of k?
2, 3, 23
Let t(s) = -7*s - 3. Let g be t(3). Let h be 1/((-3)/g) + -4. Suppose -8 = h*q - 48. What are the prime factors of q?
2, 5
Suppose v + 5*h = 1379, 7*h + 4151 = 3*v + 8*h. What are the prime factors of v?
2, 173
What are the prime factors of (-5 + 3)*(-12285)/14?
3, 5, 13
Suppose -2 - 2 = -2*g. Let m = g + 0. What are the prime factors of (m - 8/3)*-24?
2
Let v = 35 - 27. Suppose 3*g + v*g - 2189 = 0. What are the prime factors of g?
199
List the prime factors of 72/20*1220/8.
3, 61
Suppose 2*o - 5*s - 20 = 3*o, -5*o = -5*s - 20. Suppose -5*l - 86 = -h, 5*h - 342 = -o*h + 3*l. List the prime factors of h.
2, 3, 11
Let f be 4*(5 + -4) + 0. Let i = 15 - -1. Suppose 0 = -f*s + 112 + i. List the prime factors of s.
2
Suppose u + b - 1381 = -3*u, -2*b - 1736 = -5*u. List the prime factors of u.
2, 173
Let o = 38 + -29. Let k(b) = b**2 - 6*b + 4. List the prime factors of k(o).
31
Suppose -50*k + 14300 = -39*k. List the prime factors of k.
2, 5, 13
Let j(y) = -3*y + 2. Let z be j(2). Let s be (-3)/z - (-484)/16. Suppose 0 = -3*m + 3*u + 114, -5*m - 5*u + 181 - s = 0. What are the prime factors of m?
2, 17
Let a = -73 + 203. Let f = a - 28. Let d = f - 69. List the prime factors of d.
3, 11
Suppose -5*k - 28 = 4*r + 508, 268 = -2*r - k. Let l = r + 188. List the prime factors of l.
2, 3
Suppose 3*p - 5 = 4*b, p = 4*b - b. Suppose -p*q + 2*q = -58. Let w = q - 10. What are the prime factors of w?
2, 3
What are the prime factors of 2*5*1*737/22?
5, 67
Let a = 6 - -56. Suppose -4*l = -v - 154, -44 = -3*l - 4*v + a. List the prime factors of l.
2, 19
Suppose 49 = -11*l + 225. Suppose 0 = l*a - 10*a - 990. List the prime factors of a.
3, 5, 11
Let b(s) = -s**2 - 10*s + 19. Let r be b(-13). Let y be (132/r)/(2/10). Let f = y + 91. List the prime factors of f.
2, 29
Let g(v) = 4*v**2 + v - 2. Let u be g(1). Suppose r - 2*r - u*q = -138, q = 5*r - 658. Suppose -2*m = 2*m - r. What are the prime factors of m?
3, 11
Suppose -3*w + 6 = -2*v, -3 = -5*w - 5*v + 7. Suppose -w*j + 6*j - 200 = 0. List the prime factors of j.
2, 5
Let v be 4/8 + (-474)/(-12). List the prime factors of 3/(-3)*25*v/(-50).
2, 5
Let z(g) be the third derivative of g**6/120 + g**5/60 - 5*g**3/3 - 23*g**2. What are the prime factors of z(4)?
2, 5, 7
Let g(b) = b**3 - 25*b**2 + 22*b + 54. Let l be g(24). Suppose 0 = l*s + 323 - 971. What are the prime factors of s?
2, 3
Suppose 44158 = 28*x - 21726. List the prime factors of x.
13, 181
Let n be (-1)/2 - (-21)/2. Suppose v = -4*v + n. What are the prime factors of v/(-6) + 246/9?
3
Let c(u) = 7*u - 5*u + u**2 + 4 - 4*u + 0*u. Let d be c(8). List the prime factors of 13/(d/96) + 1.
5
Suppose 3984 = -7*j + 15*j. What are the prime factors of j?
2, 3, 83
Let r(p) = -4*p - 2. Let g = 11 + -14. Let s be r(g). Suppose 5*k = 90 + s. List the prime factors of k.
2, 5
Let g = 2 - -1. Suppose c = g*l + 2, -4*l - l = -5*c. Let q(y) = -4*y**3 + 2*y**2 - 1. What are the prime factors of q(c)?
5
Let u(k) = 314*k - 25. What are the prime factors of u(3)?
7, 131
Suppose -18*o = -15*o - 408. Let j = o + -70. List the prime factors of j.
2, 3, 11
Let p = 350 - 140. Suppose -h = 5*h - p. List the prime factors of h.
5, 7
Suppose 13*x - 4455 - 4229 = 0. List the prime factors of x.
2, 167
Suppose -3 = -3*q, -2*u + 79 = 4*q - 95. Suppose -3*f = 5*b - u, f - 6*f = -4*b + 31. What are the prime factors of b?
2, 7
Let t(s) = -2*s - 3. Let u = 1 - 5. Let j be t(u). Let n = j + 15. List the prime factors of n.
2, 5
Let b(f) = 1333*f**2 + f + 1. List the prime factors of b(-1).
31, 43
Let m(p) be the third derivative of -p**4/8 - 2*p**3 + 13*p**2. Let x be m(-6). Suppose -x*c = -5*c - 65. List the prime factors of c.
5, 13
Suppose 10*y + 1792 = -238. Let s = y - -308. List the prime factors of s.
3, 5, 7
Suppose 0 = b - 3*v - 14, -4*b + 4*v + 38 = -2*b. Suppose 4*x + 5*k = 333, -x - k + b = -53. List the prime factors of x.
7, 11
Let h(o) = -o**3 - 3*o**2 - 39*o - 17. List the prime factors of h(-7).
2, 113
Suppose 3*p = 6*p - 9. Suppose -240 = -p*q - 39. List the prime factors of q.
67
Let m = -432 - -672. What are the prime factors of m?
2, 3, 5
Suppose 4*z = 6 + 2. Suppose -3*i + 4*t = -146, z*t = 5*i - 3*t - 235. What are the prime factors of i?
2, 3, 7
Let u be 4 - (33/(-27) + (-8)/(-36)). Suppose -b - 789 = -0*a - u*a, -3*a + 5*b = -491. List the prime factors of a.
157
Suppose 0 = 2*t + h - 14, 4*h - 23 = -2*t + 3. List the prime factors of -1*(t - 7 - (-1 + 198)).
199
Let k be 204/9*(2 - -7). Let r = -145 + k. Let y = r + 7. What are the prime factors of y?
2, 3, 11
Let w(u) = u**2 + 17*u - 12. Let a be w(-18). Let s be (-26)/(-3) - (-4)/(-6). Let d = s - a. List the prime factors of d.
2
What are the prime factors of (-33)/6 + 16281/54?
2, 37
What are the prime factors of (287/(-2) - 0)/((-40)/80)?
7, 41
Let x(m) be the second derivative of 0 + 3*m + 1/6*m**3 + 2*m**2. What are the prime factors of x(4)?
2
Suppose 8*w - 60 = 2*w. List the prime factors of 2964/95*1/(3/w).
2, 13
Let p(w) = -w**3 + 7*w**2 - 7*w + 7. Let b be p(5). Let h(o) = 5*o + 66. List the prime factors of h(b).
2, 11
Suppose -5*f + 120 = -7*f. List the prime factors of (-118)/(-3)*(-90)/f.
59
Let f(n) = 20*n**2 - 19*n - 5*n**3 - 3 + 4*n**3 + 7. Let y be f(19). Suppose 3*k + 4*h - 102 = k, 0 = k + y*h - 55. List the prime factors of k.
47
Suppose 4*q - 3*t - 91 = 2*q, -2*q - 3*t + 121 = 0. Let m = -9 + 22. Let i = q + m. List the prime factors of i.
2, 3, 11
Suppose 0*w - 2 = -w. Suppose 2*h - r = -3*h + 236, -w*r + 200 = 4*h. What are the prime factors of h?
2, 3
Let u(s) = s**3 + 4*s**2 + 2*s + 1. Let r(k) = k**3 + 9*k**2 + k + 6. Let w be r(-9). Let c be u(w). Suppose -c*z + 33 = -15. List the prime factors of z.
2, 3
Let t(q) = -5*q + 3. Let y be t(-21). List the prime factors of (3 - -1) + y + 3.
5, 23
Suppose 0 = -l + 5*l + 2*k - 74, 0 = 3*k + 15. Suppose l = 6*z - 3. What are the prime factors of z?
2
Let h(m) = 81 + 2*m**2 - 83 + 7*m - 3*m**2. Let o be h(6). Suppose 2*j = -o*j + 402. List the prime factors of j.
67
Suppose -2*w - 10 = 0, -3*k + 0 = 4*w + 35. Let q = k - -65. Let b = q - 27. What are the prime factors of b?
3, 11
Let x(h) = -2*h**2 - 45*h + 28. Let s be x(-23). Suppose -2*i = -9*w + 4*w - 405, -s*i = -2*w - 1023. List the prime factors of i.
5, 41
Let x be ((-4)/5)/((-34)/85). What are the prime factors of (-5100)/(-18) + (-10)/3 + x?
2, 3, 47
Let o(f) = f**2 + 8*f - 4. Suppose -3*z = -z + 18. Let c be o(z). Suppose 3 = c*v + 4*i - 15, 2*v = i + 15. List the prime factors of v.
2, 3
What are the prime factors of ((-6)/(-5))/(12/23980)?
2, 11, 109
Let q be -3*-3*34/6. Suppose 39 + q = 3*b. List the prime factors of b.
2, 3, 5
Let x = 65 - 60. Suppose 0 = q - x*a - 55, 2*a = 6*a + 16. What are the prime factors of q?
5, 7
What are the prime factors of 1/(72/(-32)) + (-31602)/(-27)?
2, 3, 5, 13
Let o(z) = z + 1. Let k = 6 - 7. Let w be o(k). List the prime factors of (-3 + w)/6*-4.
2
Let m = 6918 - 3710. What are the prime factors of m?
2, 401
Let x(d) = d**2 + 5*d - 1. Let s be x(-6). Suppose -23 = -3*q + 5*y, -4*y - 37 = -s*q + 23. List the prime factors of q.
2
Let i(n) be the third derivative of n**4/8 + 5*n**3/6 - 4*n**2. Let c be i(0). Suppose c*v - 21 - 34 = 0. What are the prime factors of v?
11
Suppose -135*u - 10674 = -138*u. What are the prime factors of u?
2, 3, 593
Suppose -7*t + 5 = -6*t. Suppose t*f = 3*a + 40, f + 3*a - 4 = 2*f. What are the prime factors of f?
11
Let n be (4 + (-15)/10)*6. Suppose n